et u be c(-8). Let f = u - -19. Let d(o) = 4*o - 13. Is d(f) prime?
True
Let x = 1 - -2. Suppose -3*c - 5*u = 1, -u = 3*c - x*u + 8. Is 128/(c + 4) - -1 composite?
True
Suppose c + 3177 = -4*c + l, 3*c + 1911 = 3*l. Let m = 970 + c. Is m a composite number?
True
Is (2/(-6) + 0)*(-60798)/2 composite?
False
Let n be -6*(-1 + (-6)/(-9)). Suppose -n*y + 16 + 12 = 0. Is y a composite number?
True
Let h(j) = -j**3 + 7*j**2 + 5*j + 1. Suppose -v = 2*v - 3, 0 = -k + 5*v + 1. Is h(k) a composite number?
False
Let c(l) = l**3 + 6*l**2 - l - 4. Let u be c(-6). Suppose 12 = 4*z - h, u*h - 8 + 0 = 0. Suppose 0 = 5*j - r - 305, -270 + 7 = -z*j - 3*r. Is j a prime number?
False
Suppose 7 = 4*t - 17. Let j = -2 + t. Suppose -2 = j*g + 2, -2*s + 326 = -4*g. Is s prime?
False
Let m(v) be the third derivative of v**5/15 - v**4/12 + v**3/3 - 2*v**2. Is m(2) a prime number?
False
Suppose g + 5 = 8, 1090 = 4*l - 2*g. Is l a prime number?
False
Let c(t) = -6*t**3 - 2*t + 1. Let d be c(1). Let m(y) = y**3 + 8*y**2 + 3*y + 9. Is m(d) a composite number?
False
Suppose 3*k = 4*k - 479. Is k prime?
True
Is (-4)/(-6) - 3965/(-15) composite?
True
Suppose -g = -0*g - 10. Let u = g + -8. Is u prime?
True
Let a(f) = 13*f**3 + f**2 + 1. Let d(m) = 25*m**3 + 3*m**2 + 2. Let k(h) = 5*a(h) - 2*d(h). Is k(1) prime?
False
Suppose 4 = -s + 16. Suppose s = -q - q. Is q/(-15) + 819/15 composite?
True
Let z = 0 - 0. Suppose z = -p - p + 464. Is p/10 + (-3)/15 a composite number?
False
Is 0*2/4 - -977 prime?
True
Suppose 3*j - 237 = 756. Suppose 64 = 5*g - j. Is g a prime number?
True
Let w(m) = -8*m**3 + m**2 + 3*m + 5. Is w(-4) a prime number?
True
Is -3 - 12*(-81)/6 composite?
True
Let a(u) = -u**2 - 8*u - 9. Let z be a(-8). Let w = 2 - z. Let c = 15 + w. Is c a composite number?
True
Let d = -272 + 442. Suppose -d + 480 = 2*w. Is w a composite number?
True
Suppose -4*t - 5*n + 640 = 0, -5*t - 4*n = -341 - 450. Suppose -4*p + t = h - 693, 5*p - h - 1051 = 0. Is p prime?
True
Suppose -2*x = x - 177. Suppose -2*v = -4*s + 142, -3*s + x = 2*v - 30. Is s prime?
False
Let i be (0/(1*-3))/2. Let m be 1/((-2 + i)/(-6)). Suppose 5*h - 170 = -m*n, 0 = -4*h - 6*n + 3*n + 133. Is h a prime number?
True
Let m be 275 - (-3 - -6)*1. Suppose -3*t + 5*u + 206 = -0*u, 4*u + m = 4*t. Is t composite?
False
Suppose -11 = -4*t + 1. Suppose -2*g + t*g = -2*o + 93, 5*o - 226 = 4*g. Is o a composite number?
True
Let n(p) = -3*p**3 - 8*p**2 - 3*p - 9. Let o = -6 + 4. Let g(a) = 10*a**3 + 24*a**2 + 9*a + 28. Let j(d) = o*g(d) - 7*n(d). Is j(-7) prime?
False
Let o be 0 + (3 - 4)*-1175. Is o/3 - 12/18 prime?
False
Let h be (-10)/(-4)*(4 - 2). Suppose h*g + 60 = -0*o + o, -4*o + 4*g + 160 = 0. Is o prime?
False
Suppose 3*w + q + 1 = -7, -3*w - 13 = 2*q. Let z = 18 - w. Is z a composite number?
False
Let y(d) = 14*d - 3. Let v be y(3). Suppose v - 149 = -5*s + 2*x, 5*s - 110 = 4*x. Suppose s = -w + 99. Is w prime?
False
Suppose 0 = -4*r + 21 - 5, 0 = -4*b + 4*r + 340. Is b composite?
False
Let z = 851 - -510. Is z prime?
True
Suppose 2*p = -g, 0*g + 2 = 4*p + g. Let a = 38 - p. Is a a composite number?
False
Let u(c) = -6*c + 1391. Is u(0) composite?
True
Let i = 1855 + -1118. Is i composite?
True
Suppose 2*n = 4*h - 44, -5*h + n - 3*n = -37. Suppose 5*k + 6 = -h, -4*k = 5*y - 253. Is y a prime number?
True
Suppose -2 = -4*x + 10. Suppose x*w = -143 + 626. Is w composite?
True
Let h = -838 - -1324. Let r = -235 + h. Is r a prime number?
True
Let r be (-48)/28 - (-4)/(-14). Let g be ((-6)/(-15))/(r/(-20)). Suppose g*q - 520 = 652. Is q prime?
True
Is 4/(-6) - (-4724)/12 prime?
False
Let x(y) = -y**3 + 3*y - 5 - 4*y**2 - 2*y + 5*y. Is x(-8) a prime number?
False
Let k = 7 + -3. Suppose -k*t + 558 = -t. Is (3/9)/(2/t) a prime number?
True
Let n(q) = -q**3 - 12*q**2 - 11*q - 15. Let b be n(-11). Let c = -12 - b. Is c prime?
True
Suppose 0 = 3*n + 227 + 79. Let g = n + 187. Is g composite?
True
Suppose 0 = -t + 20 + 67. Is t prime?
False
Let s be ((-48)/9)/((-1)/3). Suppose -s = -3*y + 137. Is y composite?
True
Let d = -5018 + 10185. Is d composite?
False
Let y(i) = -i + 51. Let n be 2*1/(-2) - -1. Is y(n) composite?
True
Is 12/(-2 - 1) - -3809 prime?
False
Let s(k) = -k**2 + 2. Let p be s(0). Let i(w) = w - 2 - w + 3*w**3 + 2*w**2 - p*w. Is i(2) prime?
False
Let d be (-10)/(50/(-165)) - (0 - 0). Let f = -10 + 15. Suppose d = c - f. Is c a prime number?
False
Let n = 35 + -51. Suppose -z + 65 = -j, 6 = -3*j + j. Let s = z + n. Is s a composite number?
True
Let p be (36/15)/(12/160). Suppose -5*s + p = 2*m, -4*m - s + 90 = -4*s. Is (-6)/(-14) - (-2532)/m a prime number?
False
Let n(o) = 9*o**2 + o + 2. Let a be n(2). Suppose -a - 55 = -m. Is m composite?
True
Let i be ((-12)/5)/((-6)/20). Suppose -p = 0, 3*p = s + i*p - 4. Is s/(-10) - (-37)/5 a composite number?
False
Let m = -7 - -258. Is m a composite number?
False
Suppose 2*q + q - 984 = 0. Let u = q - 179. Is u a prime number?
True
Let k(g) = -g**3 - 6*g**2 + 4*g - 9. Let h be k(-7). Is (25/(-20))/((-1)/h) a prime number?
False
Let l be -2 + 0 + -3 + 3. Let b be (-4)/l + 53 + 0. Let o = b + -33. Is o a composite number?
True
Let w(l) be the first derivative of l**2 - 11*l + 3. Let s be w(8). Is 25/(-5)*(-4)/s prime?
False
Is (2 - -477) + 3 - 3 composite?
False
Let f be ((-2)/(-5))/((-1)/(-5)). Let h(i) = 27*i + 1. Is h(f) a prime number?
False
Let x(y) = 71*y - 2. Is x(3) a prime number?
True
Let a(z) be the third derivative of -37*z**6/60 + z**4/8 + z**3/6 - 4*z**2. Is a(-2) a composite number?
False
Suppose -7*f + 1396 = -5*f. Is f prime?
False
Let z(x) = -x**3 + 5*x**2 + 5*x + 5. Let r be z(6). Let q = r + 3. Suppose -a = 4*k - 65 - 14, -5*k + 101 = q*a. Is k composite?
False
Let n be 67 + (0 - (-1 - -2)). Suppose 0 = o - 0*o - n. Suppose 2*h - 4*c - o = 0, -2*c = 5*h - 6*c - 159. Is h composite?
False
Let v(a) = 10*a**2 + 6*a - 1. Let u be -2*(-21)/(-6) - 0. Is v(u) a composite number?
True
Let x be -11*(3/1 - -20). Let m = x + 416. Is m a composite number?
False
Let x(n) = -3*n + 13. Is x(-10) prime?
True
Let x be 479 - ((-4)/(-2) - 2). Suppose -4*i + 627 = -0*i - 5*j, 2*j + x = 3*i. Is i a composite number?
False
Let k(z) = -5*z**3 - 6*z**2 - 3*z + 3. Is k(-4) a prime number?
True
Let h = -10 - -368. Suppose 5*i + 2*f = 493, -3*i + 2*f - 75 + h = 0. Is i composite?
False
Let o = -1948 - -3785. Is o a prime number?
False
Let c = -62 - -225. Is c prime?
True
Let s = -686 + 993. Is s a composite number?
False
Let w(n) = n**2 + 3*n - 9. Let k be w(-4). Is (2 + k)*(-254)/3 a prime number?
False
Let y(v) = v**3 - 5*v**2 + v + 3. Let j be y(5). Let n = 43 - j. Is n prime?
False
Let o be -2 - (-4 + 2 - 2). Let z be (5 - 1 - o)*5. Suppose -z - 57 = -u. Is u prime?
True
Let j(l) = -10*l**2 + l - 1. Let i be j(1). Let o be (-1)/4 - 5/(-4). Is 7*(-3 - i/o) prime?
False
Let x = 5 + -4. Let h = 4 - x. Suppose 5*m = -h*s + 34, 4*s = 2*s - 2*m + 24. Is s a composite number?
False
Suppose 10 = q - 5*c - 1, -5*c + 16 = -4*q. Let z = q - -356. Is z a prime number?
True
Let y be (-5)/4 + (-3)/(-12). Let n(u) = 8 + 3 - 12 - 20*u. Is n(y) a composite number?
False
Suppose -210 + 1591 = b. Is b a prime number?
True
Suppose -p = -4*l + 14, 0*l - 3*p = -5*l + 14. Suppose 20 + 536 = l*r. Is r a prime number?
True
Let y(l) = -2*l - 5. Let u be y(-9). Let s = u + -7. Is 293/5 + s/15 composite?
False
Let k = -7251 - -10154. Is k prime?
True
Let v = -1 - -18. Let f = -10 + v. Is f composite?
False
Let i(a) = 3*a**2 + 4*a - 1. Suppose 2*o - 75 = 3*k, k - 4*k + 4*o - 69 = 0. Let q be k/36 + 46/8. Is i(q) a prime number?
False
Suppose 3*b + 20 = -2*b, 2*p = -3*b - 8. Suppose -p*t + 3*i + i = -186, -5*t - 4*i + 395 = 0. Is t composite?
False
Let m(j) = -6*j**3 - 5*j**2 - 4*j - 4. Let f be m(-4). Suppose -2*d = -l + 62, 5*l = d - 6 + f. Is l prime?
False
Suppose 1252 = 4*k + 240. Is k prime?
False
Suppose 4*i = 2144 - 468. Let y = -210 + i. Is y a prime number?
False
Suppose 2*i - 2*l = 27972, 3*i - 4*l - 41958 = -0*i. Is i/10 - (-4)/10 a composite number?
False
Suppose -2*p + 5 = -3*p - b, b = -5*p - 21. Is (3598/21)/(p/(-6)) prime?
True
Let f(n) = 3199*n**3 + n**2 + n - 2. Is f(1) prime?
False
Let c be (0 + -4)/(7 + -5). Is (28/(-8))/(c/20) composite?
True
Let i be (-6)/(-8) + (-15)/20